s the greatest common divisor of 431604 and 1824?
228
What is the highest common divisor of 2156 and 904442?
1078
What is the highest common factor of 1 and 83017?
1
Calculate the highest common divisor of 5706 and 180.
18
What is the highest common divisor of 9579 and 651?
93
Calculate the highest common divisor of 6936 and 5542.
34
What is the highest common factor of 2975 and 336?
7
Calculate the highest common divisor of 104192 and 2849.
407
What is the highest common factor of 217 and 58?
1
What is the greatest common factor of 9331 and 312137?
301
What is the greatest common divisor of 91877 and 36053?
1163
What is the highest common factor of 4200 and 318675?
525
What is the greatest common factor of 250605 and 12?
3
Calculate the greatest common factor of 76012 and 248.
124
Calculate the highest common divisor of 9 and 59043.
3
What is the greatest common factor of 20 and 856035?
5
What is the highest common divisor of 93659 and 2566?
1283
Calculate the greatest common factor of 339 and 14817.
3
What is the highest common factor of 155160 and 5580?
180
Calculate the highest common factor of 39 and 63089.
13
Calculate the highest common divisor of 16309 and 42334.
347
What is the greatest common factor of 404 and 26?
2
Calculate the highest common factor of 33726 and 280247.
803
What is the greatest common divisor of 1888520 and 40?
40
Calculate the greatest common divisor of 141876 and 90.
18
What is the highest common divisor of 3419 and 39?
13
Calculate the highest common divisor of 40 and 536736.
8
What is the greatest common factor of 1856 and 4408?
232
What is the greatest common factor of 2240128 and 43?
43
Calculate the highest common factor of 367504 and 10258.
446
What is the greatest common factor of 19372 and 112558?
334
Calculate the highest common divisor of 696 and 18336.
24
Calculate the greatest common divisor of 96030 and 6930.
990
What is the highest common divisor of 24 and 10662?
6
Calculate the highest common factor of 24 and 151284.
12
What is the highest common divisor of 132 and 67342?
22
Calculate the highest common divisor of 62296 and 872.
8
What is the highest common factor of 1703 and 97333?
131
What is the highest common divisor of 4731 and 2573?
83
What is the highest common divisor of 1350 and 2052?
54
What is the highest common factor of 120 and 2940540?
60
What is the highest common divisor of 6 and 9600?
6
Calculate the greatest common factor of 298422 and 2124.
1062
What is the greatest common factor of 10224 and 1392?
48
Calculate the greatest common divisor of 824 and 54590.
206
What is the greatest common divisor of 37014 and 2418?
186
What is the greatest common divisor of 6 and 454842?
6
What is the greatest common divisor of 34 and 33694?
34
What is the highest common factor of 55593 and 852?
213
Calculate the highest common factor of 19966 and 203534.
298
What is the greatest common divisor of 38 and 44726?
38
Calculate the highest common divisor of 5258 and 66.
22
What is the greatest common factor of 144 and 23337?
9
Calculate the greatest common factor of 715 and 66781.
143
What is the highest common factor of 251834 and 44?
22
Calculate the greatest common factor of 1219724 and 176.
44
What is the greatest common factor of 39 and 63583?
13
Calculate the highest common divisor of 8 and 50.
2
Calculate the highest common factor of 473 and 33814.
11
What is the highest common divisor of 204 and 44948?
68
Calculate the greatest common factor of 301353 and 39.
39
Calculate the greatest common divisor of 54809 and 161.
23
Calculate the greatest common factor of 7436646 and 126.
126
What is the greatest common divisor of 279246 and 11?
11
Calculate the greatest common divisor of 264 and 8088.
24
What is the highest common divisor of 403 and 28613?
403
What is the highest common divisor of 344 and 376723?
43
Calculate the highest common factor of 16 and 860976.
16
Calculate the greatest common factor of 35791 and 7.
7
What is the greatest common divisor of 224 and 32284?
28
Calculate the greatest common factor of 5350 and 6206.
214
Calculate the greatest common factor of 757920 and 2880.
480
What is the greatest common factor of 84 and 284452?
28
Calculate the highest common factor of 74 and 191882.
74
What is the highest common factor of 71450 and 675?
25
What is the highest common factor of 3748366 and 58?
58
What is the highest common factor of 6689975 and 71?
71
What is the highest common factor of 84 and 51096?
12
Calculate the greatest common divisor of 180 and 22180.
20
Calculate the greatest common divisor of 1329 and 1017.
3
What is the highest common factor of 300800 and 150?
50
What is the highest common divisor of 23589 and 279?
9
Calculate the greatest common factor of 1278 and 655188.
426
Calculate the greatest common divisor of 594 and 17874.
54
What is the greatest common divisor of 5685 and 345?
15
What is the highest common factor of 6405 and 86010?
915
What is the highest common divisor of 86164 and 130?
26
Calculate the greatest common divisor of 6640 and 380.
20
Calculate the greatest common divisor of 23199 and 5883.
111
What is the highest common divisor of 4466 and 7511?
203
What is the greatest common factor of 42 and 26348?
14
Calculate the highest common divisor of 27 and 41931.
27
What is the highest common divisor of 171699 and 45408?
1419
What is the highest common factor of 472131 and 432?
9
Calculate the highest common factor of 954830 and 20.
10
What is the greatest common factor of 80 and 33856?
16
What is the greatest common divisor of 6254 and 9558?
118
Calculate the highest common divisor of 1936 and 15224.
88
Calculate the greatest common divisor of 7201 and 2698.
19
Calculate the highest common divisor of 146846 and 238.
238
What is the greatest common divisor of 390 and 5122?
26
Calculate the highest common divisor of 7692 and 96.
12
Calculate the highest common factor of 36893 and 6557.
79
Calculate the greatest common divisor of 1863 and 24357.
69
What is the greatest common divisor of 312190 and 14?
2
What is the highest common divisor of 19050 and 2225?
25
Calculate the highest common factor of 3036 and 40227.
759
Calculate the highest common divisor of 6688 and 231.
11
What is the highest common divisor of 50232 and 82754?
322
Calculate the highest common factor of 17 and 215713.
17
Calculate the highest common divisor of 5652900 and 275.
275
Calculate the greatest common divisor of 68660 and 100.
20
What is the greatest common divisor of 24962 and 42?
14
What is the highest common divisor of 268 and 2180?
4
What is the highest common divisor of 2792 and 121103?
349
Calculate the greatest common factor of 63 and 111.
3
Calculate the highest common factor of 18445 and 434.
217
What is the highest common factor of 43700 and 7820?
460
What is the highest common factor of 40 and 63176?
8
Calculate the highest common divisor of 2093 and 3059.
161
Calculate the greatest common factor of 3302 and 223774.
254
Calculate the highest common divisor of 99 and 1584.
99
What is the highest common factor of 33405 and 117555?
255
What is the greatest common divisor of 22158 and 12?
6
What is the highest common divisor of 915 and 5484815?
305
Calculate the highest common divisor of 65982 and 1008.
42
What is the highest common divisor of 31200 and 1920?
480
Calculate the highest common factor of 27293 and 882.
49
What is the greatest common divisor of 2907 and 1181619?
153
Calculate the greatest common factor of 25920 and 448.
64
What is the greatest common factor of 8060 and 2665?
65
Calculate the highest common factor of 40 and 589340.
20
What is the greatest common factor of 2134 and 7178?
194
What is the highest common divisor of 323792 and 32?
16
Calculate the greatest common factor of 13155 and 4164873.
2631
Calculate the highest common factor of 34188 and 9856.
308
What is the greatest common factor of 3610 and 40?
10
Calculate the highest common factor of 15 and 383055.
15
What is the greatest common divisor of 38570 and 1160?
290
What is the greatest common factor of 162381 and 678?
339
What is the greatest common divisor of 297156 and 12?
12
Calculate the highest common divisor of 26319 and 1581.
93
Calculate the greatest common divisor of 2009 and 1845.
